et d(y) = 2*y. Let l = -101 + 108. Suppose 0 = -t - 5, 2*j - 50 = l*j + 4*t. Calculate d(j).
-12
Let b(x) = -x**3 - 14*x**2 - 12*x + 14. Let t be b(-13). Let y(d) = -d**2 - 5*d + t - 4 + 8. Determine y(-8).
-19
Let w(b) be the second derivative of -1/6*b**3 + 0 + 7*b**2 - 27*b. Determine w(12).
2
Suppose -6904*o + 6913*o = 0. Let c(g) = -g + 56. What is c(o)?
56
Let l be 4 - (10 + (4 - 0)). Let p(r) = r**3 + 9*r**2 - 11*r - 10. Let c be p(l). Let b(d) = d**3 + d**2 - d. Determine b(c).
0
Let j(n) = 5*n**2 + 3 - 18 - n + n**3 + 8. Let f be j(-5). Let w(b) = 2*b**2 + 2*b + 1. Calculate w(f).
5
Suppose -7*u = -3*u + 20. Let w(v) be the third derivative of 0 + v**3 + v**2 + 0*v + 1/8*v**4. What is w(u)?
-9
Let d(z) be the second derivative of 11*z + 1/6*z**3 + 0 + 5/2*z**2. Give d(-5).
0
Suppose 3*y + 2 = 2*y. Suppose 4*p = -5*z + 35, 4*z - 28 = -p - p. Let l(i) = 0*i + 7*i**2 + z*i**2 + 3 - 13*i**2 + 2*i. Give l(y).
3
Let d(w) = 17*w - 10 + 15*w - 30*w. Calculate d(-3).
-16
Let h be (-21 - -13) + -1 + 7. Let s(q) be the first derivative of 5*q**3/3 - q**2/2 - q + 1. What is s(h)?
21
Let r(b) = 8*b + 34. Let w be r(-3). Let a(z) = -z**2 + 9*z + 5. Give a(w).
-5
Let d be (34/(-8))/(1/(-4)). Suppose -y + 1 = o, 6 = -3*o + y + d. Let b(f) = -3 - 639*f**2 + 3*f + 1277*f**2 + f**3 - 642*f**2. Calculate b(o).
-3
Suppose 6*f + 0 - 24 = 0. Let v(r) = -3 - 8*r + f + 0. Calculate v(-2).
17
Let d = -2177/12 + 363/2. Let h(b) be the second derivative of 7/6*b**3 + 7/2*b**2 - d*b**4 + 0 - 4*b. Give h(8).
-1
Let a(n) = -n**3 + 4*n**2 - 2*n - 2. Let c be a(2). Let j(d) = -10*d**2 + d**3 + 1 + 10*d**2 - c*d**3. What is j(-1)?
2
Let h(f) = f**2 + 5*f. Let c = -6 - -10. Suppose -5*q + c*s + 90 = 0, q + 2 = 3*s + 20. Suppose 0 = 9*a - 6*a + q. Determine h(a).
6
Let o(q) be the second derivative of -2/3*q**3 + 3/2*q**2 + 4 + 1/3*q**4 + 1/20*q**5 - q. Determine o(-5).
-2
Let j(h) = -h**3 - 10*h**2 - 6*h - 3. Let v(w) = w**3 - 32*w**2 + 86*w + 20. Let l be v(29). What is j(l)?
-30
Let v(r) = -r**2 + 6*r + 9. Let h be v(5). Let b(u) = 105*u**2 - 104*u**2 - 5*u + 3 - 1 + h*u. Calculate b(-9).
2
Let o = -65 + 103. Suppose o = 3*f + 4*l, -f - 1 = 3*f - 5*l. Let m(t) = -t + 1. What is m(f)?
-5
Let s(o) be the first derivative of -o**2/2 - 2*o - 9. Determine s(7).
-9
Let p(l) be the third derivative of 0*l + 5*l**2 + 7/24*l**4 - l**3 + 0 - 1/60*l**5. Calculate p(4).
6
Let a(k) = -k + 5. Let s = 317 + -306. Give a(s).
-6
Let b(t) = -3134*t**2 + 1565*t**2 - 1 + 1581*t**2. Give b(-1).
11
Suppose 17*l - 60 = 13*l. Let v be 6 - (-11)/(-2) - l/(-2). Let q(o) = o**2 - 8*o - 2. What is q(v)?
-2
Let v(o) be the third derivative of -o**6/120 + 17*o**5/60 - 5*o**4/8 - 10*o**3/3 - 199*o**2. Calculate v(16).
-4
Let v(x) = -36*x - 26. Let i(u) = -7*u - 5. Let r(g) = -16*i(g) + 3*v(g). Let f(q) = -5*q - 3. Let z(p) = -3*f(p) - 4*r(p). What is z(2)?
-1
Let z(s) = -2*s**3 - 93*s**2 + 2*s + 7*s**3 - 1 + 97*s**2 - 3*s**3. What is z(-2)?
-5
Let y(u) be the third derivative of u**6/60 + u**5/30 - u**4/12 + u**3/6 - u**2. Suppose 287*a + 74*a - 366 = -5*a. Determine y(a).
3
Suppose -3*u + 25 + 17 = 0. Let j(k) = k + u + 20 - 25. Give j(-5).
4
Let m be 16*((-45)/(-4))/9. Suppose -m*v + 25*v = -5. Let l(x) = -3*x. What is l(v)?
3
Let p(j) = -j**3 - 8*j**2 - j + 14. Let w be p(-8). Suppose 3*f + 2*h + 31 = 0, -3*h = 4*f - 3*f + w. Let b(k) = 2*k + 8. Calculate b(f).
-6
Let s(r) = -3*r + 4. Let h(x) = -2*x - 11. Let y = 9 + -9. Suppose 4*p + 38 = -y*p + 2*u, 0 = 4*p + 3*u + 13. Let a be h(p). Give s(a).
-5
Let c(x) = x**2 + 7*x - 15. Let h be c(-10). Suppose 3*m - 49 = 4*t, -2*t = -5*t - 5*m - h. Let r(d) = -d - 13. Determine r(t).
-3
Suppose -34*h - 122 = 14. Let x(t) = t**3 + 5*t**2 + 3*t - 2. Calculate x(h).
2
Let p(k) = k. Let x(j) = -32*j. Let h(t) = -24*p(t) - x(t). Suppose 2*i + 11 = 3*m, 46*m = 3*i + 47*m. Determine h(i).
-8
Let i(f) = -f**3 + 5*f**2 - 3. Let d = 87 - 86. Let z be i(d). Let h(j) be the second derivative of 2*j**3/3 - j. Calculate h(z).
4
Let r(y) = -y**2 + 4*y + 1. Let j = -15 + 26. Suppose -4 = 9*a - j*a. What is r(a)?
5
Let g(c) = 221 + 18*c**3 + 2*c - 222 - 3*c**2 - 5*c - 70*c**3. Give g(-1).
51
Let m(o) = -o + 5. Let b = 40 + -29. Let s be b/33 + 28/6. Determine m(s).
0
Let x(h) = 30*h - 29*h + h**2 - 9*h. What is x(8)?
0
Let l(j) = j**2 + 11*j - 8. Let u be l(-12). Let r(x) = -5 - 51*x + 2 + 4*x**2 + 4 + 46*x - x**3. What is r(u)?
-19
Let w(t) be the second derivative of 5/2*t**2 + 0 - 28*t + 1/3*t**3. What is w(-4)?
-3
Let d(s) be the third derivative of -s**6/180 - s**5/120 + s**4/24 + 3*s**3 - 28*s**2. Let t(u) be the first derivative of d(u). What is t(-2)?
-5
Let w(x) = x - 10. Let k be w(16). Suppose -h - 3*p = 9, 2*h + k = 4*h - 2*p. Suppose 2*s - 4*s + 8 = h. Let m(v) = -v + 5. Calculate m(s).
1
Let q(b) = -b**2 + 13*b - 9. Suppose -3*m + 36 + 0 = 3*n, -2*n + 2*m + 24 = 0. Give q(n).
3
Let z(q) = 5*q**3 + 19*q**2 + 41*q - 10. Let u(i) = -i**3 - 5*i**2 - 10*i + 2. Let g(l) = 9*u(l) + 2*z(l). Give g(8).
-2
Let s(g) = 5 + 1 - 2*g**2 + g**3 - g - 5. Let z = 24 - 16. Let r be (z/12)/(6/9). What is s(r)?
-1
Suppose -7 - 17 = -6*q. Let m(a) = -q*a**2 + 3*a + 2*a**3 + 0*a - 1 - 2*a + 3*a**2. What is m(1)?
1
Let w(g) be the second derivative of g**4/12 - g**3/6 + 3*g**2/2 + 2*g - 13. What is w(-5)?
33
Let a(m) = -10*m**2 + 5*m + 8. Let u(l) = -3*l**2 + 2*l + 2. Let j(k) = -2*a(k) + 7*u(k). Calculate j(4).
-2
Let m(p) = 2*p**3 + 3*p**2 - 2. Let w(l) = l**2 + 10*l + 3. Let s = 3 - 8. Let a be w(s). Let o = -24 - a. What is m(o)?
-6
Let h(w) = -3*w**2 - w - 2. Let x be 2/10 + ((-92)/10 - -8). What is h(x)?
-4
Let m(d) = -d**3 + 8*d**2 - 7*d - 2. Let w = 1404 - 1398. What is m(w)?
28
Let w be (4/5)/(4*1/10). Let c(i) = 3*i**w + 8 - i**2 + i**3 + 9*i + 5*i**2. Calculate c(-6).
-10
Let r(v) = v**2 - 8*v + 3. Let u = 42 + -73. Let m = 34 + u. Give r(m).
-12
Suppose 8*v - 10*v - 8 = 4*c, -5*c - 19 = -2*v. Let b(d) = -d**3 - 4*d**2 - 5*d - 6. What is b(c)?
0
Let k(x) = -x**2 - 4*x + 2. Suppose 105*u - 10 = 107*u. Calculate k(u).
-3
Let a(k) = -k**3 + 6*k**2 - k - 6. Suppose -c + 4 = -4*s - 10, 22 = 5*c + 4*s. Give a(c).
-12
Let q(w) = -7*w**3 - 3*w**2 + 2*w + 29. Let n(o) = -4*o**3 - 2*o**2 + o + 15. Let v(d) = 5*n(d) - 3*q(d). Calculate v(0).
-12
Let b(j) be the second derivative of 13*j**4/12 - j**3/3 - j**2/2 + 16*j + 6. Let v be ((-2)/4)/((-3)/(-6)). What is b(v)?
14
Let q be (-150)/70 - -2 - 27/7. Let v(w) = w**2 + 4*w + 3. Determine v(q).
3
Let o(f) = -9*f**3 + 9*f**2 + 8*f + 3. Let k(l) = -11*l**3 + 9*l**2 + 10*l + 4. Let m(q) = 4*k(q) - 5*o(q). Let b = 11 - 2. Give m(b).
1
Let d(j) = 2*j + 2. Let z be (-3)/(-2) + ((-6)/(-4) - 0). Let h(r) = r**2 - 2*r + 3. Let g be h(z). Give d(g).
14
Let r(i) = -4*i + 12. Let t be (18/12)/((-1)/(-2)). Let s(z) = z. Let u(b) = t*s(b) + r(b). Give u(6).
6
Let s(j) = j**3 - 4*j**2 - 3*j. Let u(h) = -h**2 - 4*h + 9. Suppose -6*f = -11*f. Suppose -5 = g - f. Let i be u(g). Calculate s(i).
-12
Let u(v) be the second derivative of -v**4/6 - 2*v**3/3 + 5*v**2/2 + 403*v. What is u(1)?
-1
Let f = 5569/6 + -928. Let h(c) be the second derivative of 4*c**2 + 0 + 8*c - f*c**3. Give h(6).
2
Let x(t) be the third derivative of 1/6*t**3 - 1/12*t**4 - 26*t**2 + 0*t + 0. What is x(-2)?
5
Let o be -6*((-56)/12 + 4). Let l(i) = -48*i + 48*i + 3 + 2*i**3 - 4*i**3 - o*i**2. Determine l(-3).
21
Suppose -x + 6 = x. Let s be 3/(x/(-1))*-11. Suppose t + k - 5 = -0*t, s = 5*t - 2*k. Let j(g) = -g**2 - g + 4. Give j(t).
-8
Suppose 10 = -0*c - 2*c. Let l(m) be the second derivative of m**3/6 + m**2/2 - 7*m. Let y(q) = -q**2 - 3*q - 1. Let a(r) = -2*l(r) + y(r). Give a(c).
-3
Let w(k) be the second derivative of -k**5/20 - k**4/4 + k**3/2 + 2*k**2 + 104*k + 2. What is w(-3)?
-5
Let k(z) = 12*z + 26. Let u(p) = 7*p + 14. Let w(a) = -4*k(a) + 7*u(a). Calculate w(-6).
-12
Let k be -4 - (16/(-14) + 16/112). Let c(d) = 3*d**2 + 5*d + 3. Give c(k).
15
Suppose 4*b - 4*w = 0, -3*b + 15 = -b + 3*w. Let s(h) = -h**3 + 4 + 8 - 6*h**2 - 6 - b*h. Let u(n) = -n**2 + 3*n + 5. Let v be u(5). What is s(v)?
-4
Let v(p) = -p**3 - 4*p**2 - p - 2. Let t = 182 - 186. Determine v(t).
2
Let q(t) = -t**3 - 7*t**2 + 9*t + 11. Let u = -1 + -3. Let g be -4 - 5/((-5)/u). Calculate q(g).
3
Su